 (base 11) in base 2?
1011100
20 (base 5) to base 8
12
What is -14 (base 16) in base 9?
-22
Convert 33 (base 9) to base 11.
28
-11121 (base 3) to base 10
-124
-77 (base 15) to base 2
-1110000
Convert -24 (base 12) to base 13.
-22
What is -4 (base 15) in base 4?
-10
-38 (base 12) to base 7
-62
What is 3 (base 6) in base 3?
10
Convert -10100 (base 3) to base 2.
-1011010
Convert 4 (base 13) to base 12.
4
What is -4 (base 14) in base 9?
-4
Convert -30 (base 5) to base 4.
-33
What is 1 (base 16) in base 2?
1
What is 1 (base 11) in base 9?
1
What is 6 (base 11) in base 8?
6
What is -d (base 16) in base 12?
-11
-1 (base 6) to base 12
-1
What is 5e (base 15) in base 7?
155
Convert -2 (base 6) to base 14.
-2
What is -24 (base 8) in base 15?
-15
What is -52 (base 14) in base 9?
-80
What is -10 (base 5) in base 16?
-5
What is 5 (base 14) in base 4?
11
Convert -6 (base 10) to base 11.
-6
What is 7 (base 12) in base 8?
7
4 (base 6) to base 13
4
33 (base 9) to base 12
26
a (base 16) to base 6
14
What is -6 (base 16) in base 14?
-6
What is 0 (base 8) in base 5?
0
What is 2 (base 3) in base 4?
2
What is -200 (base 7) in base 11?
-8a
What is -4 (base 12) in base 7?
-4
-3 (base 13) to base 8
-3
What is -1000 (base 3) in base 10?
-27
110 (base 2) to base 16
6
What is 3 (base 13) in base 5?
3
9 (base 10) to base 2
1001
Convert -46 (base 7) to base 11.
-31
Convert d (base 15) to base 8.
15
22 (base 3) to base 14
8
Convert 143 (base 7) to base 15.
55
5 (base 12) to base 3
12
What is 16 (base 13) in base 16?
13
What is 3 (base 11) in base 10?
3
Convert 40 (base 9) to base 13.
2a
Convert -63 (base 15) to base 16.
-5d
What is 5 (base 16) in base 6?
5
Convert -45 (base 10) to base 15.
-30
Convert 3 (base 12) to base 4.
3
10111 (base 2) to base 3
212
Convert 3a (base 11) to base 2.
101011
What is 1 (base 14) in base 15?
1
Convert 12 (base 5) to base 15.
7
Convert -1 (base 6) to base 12.
-1
-3 (base 15) to base 13
-3
-2 (base 16) to base 4
-2
22 (base 5) to base 3
110
Convert 4 (base 6) to base 12.
4
What is 0 (base 9) in base 14?
0
What is 14 (base 12) in base 10?
16
What is -210 (base 6) in base 10?
-78
Convert 0 (base 5) to base 15.
0
Convert c (base 16) to base 7.
15
What is 113 (base 5) in base 11?
30
What is -2 (base 8) in base 5?
-2
-3 (base 13) to base 4
-3
13 (base 13) to base 2
10000
-2 (base 7) to base 3
-2
-31 (base 8) to base 3
-221
147 (base 12) to base 11
171
Convert -2 (base 15) to base 9.
-2
What is -231 (base 4) in base 15?
-30
5 (base 9) to base 3
12
What is 4 (base 7) in base 2?
100
Convert 8 (base 16) to base 4.
20
Convert -65 (base 14) to base 11.
-81
556 (base 7) to base 8
436
65 (base 7) to base 5
142
What is 7 (base 9) in base 4?
13
-3 (base 7) to base 2
-11
Convert -34 (base 13) to base 8.
-53
What is -22 (base 3) in base 2?
-1000
What is 6 (base 15) in base 8?
6
33 (base 10) to base 7
45
-2 (base 15) to base 4
-2
-400 (base 6) to base 13
-b1
What is 100 (base 3) in base 10?
9
Convert 100 (base 2) to base 6.
4
What is -1 (base 12) in base 2?
-1
What is 564 (base 7) in base 13?
195
Convert -10110110 (base 2) to base 12.
-132
What is -2 (base 10) in base 13?
-2
Convert -5 (base 10) to base 16.
-5
Convert -24 (base 7) to base 13.
-15
Convert 2 (base 7) to base 4.
2
0 (base 9) to base 10
0
What is 4 (base 9) in base 6?
4
What is -33 (base 4) in base 13?
-12
-2 (base 3) to base 12
-2
What is -113 (base 4) in base 3?
-212
Convert -7 (base 9) to base 15.
-7
Convert -152 (base 6) to base 16.
-44
Convert -4 (base 7) to base 6.
-4
-1 (base 15) to base 6
-1
-110 (base 2) to base 11
-6
What is 0 (base 16) in base 9?
0
Convert 101 (base 2) to base 13.
5
Convert -3 (base 10) to base 6.
-3
112 (base 6) to base 5
134
1032 (base 4) to base 15
53
2 (base 8) to base 12
2
-4d (base 16) to base 7
-140
Convert -b (base 16) to base 13.
-b
What is 23 (base 6) in base 3?
120
Convert 46 (base 15) to base 13.
51
Convert 110 (base 2) to base 14.
6
10 (base 5) to base 13
5
-12 (base 10) to base 15
-c
What is 0 (base 11) in base 10?
0
Convert -3a (base 13) to base 8.
-61
What is 11 (base 10) in base 16?
b
Convert 1 (base 7) to base 3.
1
Convert -12 (base 11) to base 2.
-1101
What is 3 (base 11) in base 10?
3
What is -22 (base 3) in base 10?
-8
What is a (base 11) in base 7?
13
What is -22 (base 7) in base 12?
-14
What is 7 (base 13) in base 3?
21
1 (base 3) to base 11
1
-243 (base 6) to base 4
-1203
What is -170 (base 12) in base 9?
-273
Convert 10111001 (base 2) to base 16.
b9
-225 (base 10) to base 5
-1400
What is -3 (base 15) in base 7?
-3
What is -140 (base 5) in base 2?
-101101
What is 4a (base 11) in base 5?
204
Convert 35 (base 7) to base 10.
26
Convert -100 (base 4) to base 13.
-13
164 (base 9) to base 5
1024
130 (base 5) to base 6
104
What is 1221 (base 4) in base 16?
69
Convert 8 (base 12) to base 9.
8
What is 10 (base 10) in base 9?
11
Convert 26 (base 9) to base 11.
22
What is -3 (base 12) in base 14?
-3
Convert 33 (base 10) to base 11.
30
What is 1 (base 6) in base 8?
1
Convert -37 (base 11) to base 15.
-2a
What is -1 (base 14) in base 8?
-1
Convert -32 (base 12) to base 10.
-38
-1c (base 14) to base 8
-32
What is -21 (base 12) in base 7?
-34
What is -1012 (base 3) in base 6?
-52
Convert 3 (base 15) to base 6.
3
-31 (base 6) to base 2
-10011
What is 2 (base 16) in base 13?
2
What is 4 (base 9) in base 13?
4
Convert 3 (base 10) to base 4.
3
-3c (base 15) to base 13
-45
Convert 3 (base 8) to base 7.
3
109 (base 15) to base 6
1030
0 (base 12) to base 10
0
Convert -2131 (base 4) to base 5.
-1112
2c (base 14) to base 15
2a
What is 1 (base 12) in base 6?
1
Convert 19 (base 10) to base 9.
21
What is -14 (base 7) in base 11?
-10
Convert 342 (base 5) to base 3.
10121
What is -30 (base 5) in base 16?
-f
1102 (base 6) to base 11
211
8 (base 16) to base 2
1000
Convert 5 (base 11) to base 4.
11
Convert -10 (base 2) to base 16.
-2
1 (base 8) to base 12
1
What is -12 (base 13) in base 8?
-17
-36 (base 11) to base 6
-103
What is -36 (base 11) in base 2?
-100111
What is 4 (base 12) in base 4?
10
What is -121 (base 4) in base 12?
-21
What is 85 (base 14) in base 13?
90
What is -b (base 16) in base 14?
-b
What is -197 (base 13) in base 10?
-293
-100 (base 8) to base 7
-121
Convert -20 (base 5) to base 8.
-12
What is 100100 (base 2) in base 6?
100
2 (base 7) to base 3
2
7 (base 12) to base 6
11
What is 6 (base 10) in base 8?
6
-21021 (base 3) to base 4
-3010
1011 (base 2) to base 10
11
What is 3 (base 16) in base 4?
3
Convert 13 (base 7) to base 9.
11
Convert -20 (base 3) to base 12.
-6
What is -1 (base 10) in base 8?
-1
Convert 141 (base 7) to base 13.
60
Convert 11020 (base 3) to base 6.
310
Convert 83 (base 12) to base 8.
143
Convert -22 (base 13) to base 11.
-26
What is -19 (base 16) in base 7?
-34
What is -a3 (base 11) in base 12?
-95
Convert -3 (base 13) to base 3.
-10
What is -22 (base 12) in base 8?
-32
Convert -f (base 16) to base 7.
-21
-21 (base 4) to base 16
-9
2 (base 6) to base 14
2
What is 3 (base 10) in base 15?
3
What is 1013 (base 5) in base 9?
157
Convert a (base 15) to base 13.
a
-5 (base 12) to base 13
-5
-3d (base 14) to base 5
-210
Convert 10 (base 8) to base 9.
8
Convert -111202 (base 3) to base 8.
-563
Convert 341 (base 7) to base 10.
176
-237 (base 8) to base 14
-b5
Convert 2 (base 3) to base 5.
2
What is 0 (base 12) in base 7?
0
What is 78 (base 16) in base 13?
93
-100 (base 2) to base 9
-4
-11 (base 5) to base 11
-6
What is -100101 (base 2) in base 12?
-31
Convert 3d (base 14) to base 8.
67
What is -4 (base 13) in base 7?
-4
Convert 10 (base 12) to base 11.
11
-443 (base 5) to base 13
-96
What is 5 (base 7) in base 16?
5
Convert 8 (base 10) to base 8.
10
What is 5 (base 15) in base 6?
5
-122 (base 8) to base 3
-10001
What is 1121 (base 3) in base 14?
31
What is -22 (base 4) in base 3?
-101
Convert -37 (base 16) to base 11.
-50
-401 (base 5) to base 6
-245
Convert -2 (base 7) to base 10.
-2
What is -56 (base 13) in base 7?
-131
-18 (base 13) to base 6
-33
-33 (base 7) to base 11
-22
18 (base 12) to base 15
15
What is 31 (base 4) in base 14?
d
Convert -2 (base 13) to base 2.
-10
-49 (base 15) to base 14
-4d
What is -7 (base 13) in base 7?
-10
Convert 25 (base 7) to base 8.
23
What is -3 (base 12) in base 13?
-3
What is 101111010 (base 2) in base 13?
2